ndreds digit of t?
7
Let z(d) = -438*d**2 - 6*d + 2. Let x be z(4). What is the units digit of 8/(-36) + x/(-45)?
6
Let w = -41 + 79. Let i = 48 + w. What is the units digit of i?
6
Suppose 12*d - 2187 = 3*d. What is the tens digit of d?
4
Suppose 140 = 4*c + 28. Suppose 3*q - 4*q = -c. What is the tens digit of q?
2
Suppose 2*a = -0 + 10. Suppose -x + a*h = 3, -1 + 26 = 3*x + 2*h. Let q = 3 + x. What is the units digit of q?
0
Let k(r) be the first derivative of -5 - 1/2*r**2 - 5*r + 1/3*r**3. What is the tens digit of k(6)?
2
Let c(f) = f + 4. Let m be c(-5). What is the tens digit of (19/57)/(m/(-33))?
1
Let h(o) = 5*o**2 + 79*o - 70. What is the hundreds digit of h(20)?
5
Suppose 4*p - 28 = -304. Let j = 103 + p. What is the tens digit of j?
3
Suppose -2*p - 3718 = -4*p + 5*d, -2*p + 4*d = -3714. What is the thousands digit of p?
1
Let v = 212 + -208. Let c be 1/(-2)*(0 - 284). Suppose 4*s + 3*t - 200 = -61, 0 = -v*s - 2*t + c. What is the units digit of s?
7
What is the units digit of 5/(-1) - -6 - -211?
2
Let x(h) = 9 + 10 + h - 18 + 9. Let w be x(-6). Suppose 3*n + 0 + 15 = 0, 3*a - 107 = w*n. What is the units digit of a?
9
Let i be (16/(-10))/((-72)/180). What is the units digit of ((-674)/i*(-1 - -3))/(-1)?
7
Let t be 3*(-4)/(-6)*6/4. Suppose 0 = 2*v - 4*c - 140, 217 = t*v + 4*c + 57. What is the tens digit of v?
6
Let o(q) = 79*q**2 - 1. Let z be o(-1). Suppose -5*u = 3*s - 110 + 37, -4*u = -2*s + z. What is the tens digit of s?
3
Let y be 22/(-2) - (-3 - 0). Let w be -4*1*(-12)/y. Let g(u) = -u**2 - 9*u - 12. What is the units digit of g(w)?
6
Let h be (-100)/(-14) - 6/42. Let q = -14 + h. What is the units digit of 6/21 + (-117)/q?
7
Let j(m) = 4*m**2 - 2*m + 2. Let w be j(4). Let v = 57 + w. What is the tens digit of v?
1
Let g(v) = -v + 10. Let q be g(4). What is the units digit of (-2 - q/(-3)) + 29?
9
Let x(c) = -287*c**3 + 2*c**2 + 3. What is the hundreds digit of x(-2)?
3
Let h(j) = 13 + j**2 - 9 - 58*j**3 - 4*j**2 + 5*j. Let g(d) = 59*d**3 + 2*d**2 - 4*d - 3. Let f(z) = -5*g(z) - 4*h(z). What is the units digit of f(-1)?
4
Let k(a) = -3*a. Let r be k(-7). Let b be 1/3*r - 3. Suppose -h - b*h - 5*w = -30, -w = -5. What is the units digit of h?
1
Let c(g) = -g**2 + 12*g + 3. Let b be c(12). Suppose 0 = 2*w + 3*f - 207, -20 = -w - b*f + 88. Suppose -2*i = -35 - w. What is the tens digit of i?
6
Let k(t) = t**3 - 10*t**2 + 6*t + 13. Let v be k(9). Let l = 13 + v. Let b(u) = -47*u**3 - 2*u**2 - 2*u - 1. What is the units digit of b(l)?
6
Suppose 3*w + 28 = 34. Let k = w - -115. What is the tens digit of k?
1
Suppose 36*b - 34*b = 1556. What is the hundreds digit of b?
7
What is the tens digit of (-6)/((-436)/(-220) + -2)?
3
Suppose 13*w - 17*w + 584 = 0. What is the hundreds digit of w?
1
Let o(j) = 66*j**2 + 2*j + 2. Let u be o(-1). Let n = u - -17. What is the tens digit of n?
8
Let c be (-9)/2*(-132)/18. Let d be (4/6)/(1/c). Suppose 2*y + 3*y - 4*s = d, -3*y - s = -20. What is the units digit of y?
6
Let x(n) = 2*n**2 + 15*n + 2. Let t be x(-7). Let k be 4/(-10) + (-802)/t. Suppose -4*f + k = f. What is the tens digit of f?
3
Let q(g) = g**2 - 23*g + 59. Let j(f) = 5*f**2 - 114*f + 296. Let k(i) = 2*j(i) - 11*q(i). What is the tens digit of k(16)?
8
Suppose 0 = 8*i + 30 + 2. Let z(l) = -3*l + 1. Let v be z(3). What is the tens digit of 13 - 4*i/v?
1
Let t(j) be the third derivative of 29*j**5/60 - j**4/24 - 7*j**3/6 + 31*j**2. What is the units digit of t(-2)?
1
Let h(j) = -22*j + 116. What is the hundreds digit of h(-20)?
5
Let a(z) = -189*z - 162. What is the units digit of a(-10)?
8
Let d(y) = 10*y**3 + y**2 + y + 1. Let v be d(-1). Let b = v + 52. What is the units digit of b?
3
Suppose 53*f - 18774 = 44*f. What is the thousands digit of f?
2
Let j = -215 + 307. What is the tens digit of j?
9
Suppose -4642 = 12*v - 23*v. What is the hundreds digit of v?
4
Suppose 0 = 3*q + 5*f - 2070, -2143 - 594 = -4*q + f. What is the hundreds digit of q?
6
Let j(h) = h**2 - 5*h. Let u be j(6). Let t be (-32)/(-24) - 8/u. Suppose 0 = -l - t + 45. What is the tens digit of l?
4
Let u be ((-2)/(-2)*0)/(-2). Suppose v - 13 = -u*v. What is the tens digit of v?
1
Let t = 288 + 1142. What is the thousands digit of t?
1
Let w = 524 + 672. What is the tens digit of w?
9
Let c be -6*((-15)/10 + 1). What is the tens digit of c - 5/((-40)/18)*8?
2
Let t(x) = 14*x**3 + 14*x**2 - 8*x + 15. What is the units digit of t(3)?
5
Let j be (-2)/(-7) + (-26)/(-7). Suppose 389 + 955 = j*c. What is the tens digit of (-6)/4*c/(-18)?
2
Let j = -1324 + 4086. What is the tens digit of j?
6
Suppose 3*o + 201 = 3*v + 771, -2*o - 3*v = -405. Suppose 0*w + 310 = 3*p - 5*w, o = 2*p - w. What is the tens digit of p?
9
Suppose 0 = -4*w + w. Suppose 0 = -2*m - 3*f + 32, m - f - f - 30 = w. What is the units digit of m?
2
Let o(c) = -42*c**3 + 20 + c - 19 - 39*c**3. Let u be o(-1). Let t = -45 + u. What is the tens digit of t?
3
Suppose -3*l - 63 = -6*l + 3*f, l - 4*f - 18 = 0. Let d = 32 - l. Suppose d*z - 52 = 9*z. What is the tens digit of z?
5
Suppose 2*g = -3*b - 38, g - 4*b + 11 + 8 = 0. What is the units digit of g/(-4) + (-1)/(-4)?
5
Let j(h) = h**3 - 2*h**2 - 2*h + 1. Let s be j(3). Let v = 8 - s. Suppose v*t - 37 = 39. What is the tens digit of t?
1
Suppose 3*n - 27 = 6*n. Let m be 16/(-72) + (-38)/n. Suppose 2*w = -5*r + 70, -7*w - m*r + 140 = -3*w. What is the units digit of w?
5
Let l be (6/(-2))/(3/(-382)). Suppose 0 = -19*w + 21*w - l. What is the tens digit of w?
9
Suppose -8*j + 1056 = -136. Suppose -4*c + j = -391. What is the hundreds digit of c?
1
Suppose -2*g - 292 = -4*g. Suppose 4*a - g = 42. What is the tens digit of a?
4
Let q(z) = z - 3. Let k be q(1). What is the hundreds digit of 112 + -7 - (1 - (0 - k))?
1
Suppose -28 = -5*d - 3. Let b(o) = -2*o**3 + o**3 + d*o**2 + 3 - 4. What is the tens digit of b(4)?
1
Let n = 10 - 8. What is the units digit of -282*(n/(-4) - (-1)/6)?
4
Suppose 3*f + a + 3*a - 853 = 0, -2*f - 5*a = -557. Suppose 4*n - d = f, 0*n - 89 = -n - 3*d. What is the tens digit of n?
7
Suppose -4*w - 4*j = -2152, 9*w - 5*w = j + 2142. What is the hundreds digit of w?
5
Suppose 9*h = 7*h + 40. Suppose 6*a - h = 2*a. Suppose -a*m = -4*d - 192, 0*d + d = -3*m + 105. What is the units digit of m?
6
Let y(g) = g**2 - 4*g + 3. Let b be y(1). Suppose b = -46*l + 42*l + 416. What is the units digit of l?
4
Suppose -18860 + 941 = -9*n. What is the units digit of n?
1
Suppose 10*s - 342 - 11278 = 0. What is the thousands digit of s?
1
Let j = -75 + 137. Suppose -3*m - 40 = -2*m + h, 4*h = 5*m + 164. Let u = j + m. What is the tens digit of u?
2
Let s(a) = 20*a - 19. Let g(j) = -11*j + 10. Let c(h) = -11*g(h) - 6*s(h). Let f(k) = k**3 - 6*k**2 + 2*k - 6. Let t be f(6). What is the units digit of c(t)?
0
Let i be ((-102)/(-9))/(2/3). Let s = i + 11. What is the tens digit of s?
2
Suppose -55*s = 11730 - 135755. What is the thousands digit of s?
2
What is the units digit of (12 - -3)*1014/5?
2
Let a be (6 - 2960/(-45)) + (-4)/(-18). Let m = 44 + -69. Let w = a + m. What is the tens digit of w?
4
Let p = -14 - -12. Let d be (477/6)/(p/(-4)). What is the units digit of d/6 - (-2)/4?
7
Suppose 420 = 2*m - 2*w, 0 = -4*m - 2*w + 924 - 84. Let q = m - 144. What is the units digit of (-4)/(-22) + 4278/q?
5
Suppose 102*i = 111*i - 1593. What is the units digit of i?
7
Suppose 0 = 86*w - 77*w - 1197. What is the hundreds digit of w?
1
Suppose 4*f = 359 - 83. Let h = f + -34. Suppose 2*r + 5*u = h, u = 3*r - 5*r + 47. What is the units digit of r?
5
Let s(i) = 5*i**2 + 5*i + 4. Suppose v + v = w + 8, 3*w = -6. Suppose v*b = -13 + 4. What is the tens digit of s(b)?
3
What is the hundreds digit of 971/(((-54)/12)/(-9))?
9
Let j = -13 - -17. Suppose 3*f + 18 = j*f. What is the units digit of f?
8
Let p(n) = -16*n**3 - n**2 - 3*n + 5. What is the hundreds digit of p(-3)?
4
Suppose -4 + 2 = -c. Suppose -c*i + 3*t + 111 = 2*i, 5*t = -3*i + 76. What is the units digit of i?
7
Suppose 0 = 11*m - 229 - 3071. Suppose 2*n = -4*n + m. What is the tens digit of n?
5
Let o be (-10)/35 + (-23)/(-7). Suppose o*m + 5*z = 0, -3*m + 0*m - z = 0. Suppose 5*q - 4*n - 160 = m, 2*q - 2*n + 18 = 3*q. What is the units digit of q?
8
Let k be 1*(-1 + -2 - -4). What is the hu